 5*o - 11*o + 30. Suppose 7*q - o*q - 320 = 0. Suppose -26 = -b + 5*z + 18, -5*b - 5*z = -q. What is the tens digit of b?
3
Let w(d) = d**3 + 6*d**2 + 3*d - 6. Let v be w(-5). Suppose -v*p + 10 - 30 = 0, 5*x - 4*p = 30. Suppose -x*f = -f - 25. What is the units digit of f?
5
Let w(g) = 15*g**2 - 19*g - 3. Let m(i) = -8*i**2 + 10*i + 2. Let s(b) = 7*m(b) + 4*w(b). What is the units digit of s(4)?
2
Let m = 1170 - -77. What is the hundreds digit of m?
2
Suppose 0 = 5*a - 3*w - 11591, 2*a = 3*w + 4763 - 132. What is the units digit of a?
0
Let w be 2*((-20)/(-7 + 3) - -2). Suppose 0 = -r - 4*z + 22, r + 0*z + z = 7. Suppose r*p = 2*h - 22, -3*h + 19 = 2*p - w. What is the units digit of h?
1
Suppose 0 = -63*a + 55*a + 6408. What is the tens digit of a?
0
Let v(x) = 3*x**2 + 9*x + 48. What is the tens digit of v(-8)?
6
Let f = -69 + 76. Suppose 887 - 2560 = -f*r. What is the hundreds digit of r?
2
Let m(q) = -30*q**3 - q**2 - q + 1. Let a be m(1). Let w be (a/2)/((-1)/2). Let u = w - 7. What is the tens digit of u?
2
Suppose 5*z + 2*t - 15865 + 4150 = 0, -z - 5*t + 2343 = 0. What is the thousands digit of z?
2
Let w(u) = 6*u**2 - 10*u - 120. What is the hundreds digit of w(-10)?
5
Suppose -15474 = -19*h + 13444. What is the units digit of h?
2
Let d(q) = 3*q**2 - 6*q**3 + 2*q - 2*q**3 - 4*q - 4*q**2 - 1. Let b be d(-1). Let o = b - -1. What is the units digit of o?
9
Let v(s) = 20*s - 4. Let j be v(3). Let o = -31 + j. Let h = o + 6. What is the tens digit of h?
3
Let i(b) = -b**3 + 3*b**2 - 5*b - 25. Let a(h) = h**3 - 2*h**2 + 6*h + 25. Let f(n) = -6*a(n) - 5*i(n). What is the units digit of f(-6)?
9
Suppose -6 = -2*h + y, 2*h - 4*y = 11 + 7. What is the units digit of h?
1
Let l be (-143)/(-1) + (4 + -4 - 2). Let r = l - 63. What is the units digit of r?
8
What is the hundreds digit of (5 - (-7 + 2 - -48))*-24?
9
Let i(d) = d**3 + 11*d**2 - 14*d - 9. Let s be i(-12). Let g(m) = -m**3 + 16*m**2 - 16*m + 10. Let p be g(s). What is the units digit of (-132)/p - (-20)/(-50)?
6
Let q(v) be the second derivative of -v**5/120 + v**4/2 + 4*v**3/3 - 10*v. Let n(d) be the second derivative of q(d). What is the units digit of n(-17)?
9
Suppose 0 = 5*k - 2*c - 640, 190*k - 5*c = 193*k - 384. What is the units digit of k?
8
Let j(p) = -7*p**3 + 8*p**2 - 11*p + 3. Let f(s) = s**3 - s**2 + s. Let n(r) = -6*f(r) - j(r). Suppose 0 = -5*z + 9 + 6. What is the units digit of n(z)?
1
Suppose 0 = 4*a + a - 4*k - 7464, -2*k = 5*a - 7488. What is the units digit of a?
6
What is the hundreds digit of (5 - 5/(10/(-882))) + 0?
4
Let m(l) = 14*l - 4. Let b(u) = 225*u - 63. Let y(v) = 4*b(v) - 66*m(v). What is the tens digit of y(-4)?
0
Suppose o - 10 = -3*k + 6*o, -25 = -4*k - 5*o. Suppose -d + k*d - 192 = 0. What is the tens digit of d?
4
Let h(c) = -9*c. Let v(z) = -2*z**2 + 6*z - 6. Let k be v(3). Let p be k/2*7/7. What is the units digit of h(p)?
7
Suppose 3*p = o + 25, 2*p + 24 = 4*p + 3*o. Suppose p = -3*g - 0*g. Let w = 5 + g. What is the units digit of w?
2
Suppose -24*f = 45*f - 1656. What is the tens digit of f?
2
Let v(j) be the second derivative of -j**3/6 + 23*j**2/2 + 5*j. What is the units digit of v(16)?
7
Let t(x) = x**2 - 7*x + 2. Let f be -10*(-2 - -1)/2. Let j be t(f). Let b = j + 10. What is the units digit of b?
2
Let d(h) = -h**3 + 6*h**2 - 6*h + 3. Let k be d(5). Let p be 2 + (4 - (k + 4)). What is the tens digit of ((-10)/(-15))/(p/330)?
5
Suppose -6*o = 4*o. Suppose 17*h - 20*h + 141 = o. What is the tens digit of h?
4
Suppose 8*p = 5*p + 435. Let o = p - 69. What is the tens digit of o?
7
Let v = 8 + -5. Suppose v*m - 11 = 4. What is the units digit of (-4 + m)/(-1) + 35?
4
Let a(l) = -l**3 - 6*l**2 + 3*l + 4. Let d be a(-6). Let q = 36 + d. What is the units digit of q?
2
Let x(u) = 2*u**2 - 9*u - 13. Let n be x(8). Suppose -4*m = 5*k + 7 - n, -4*m - k = -20. Suppose 4*s + l = 133, m*l - 20 = -0*l. What is the units digit of s?
2
Suppose 13*p - 51404 = -4240. What is the tens digit of p?
2
Let f(x) = 10*x**2 + 11*x + 74. What is the tens digit of f(-10)?
6
Suppose -11*a = -3*a - 20128. What is the tens digit of a?
1
Let x be 1 + -3 + 0 + 1. What is the tens digit of x/((-1)/(-3)) + 41?
3
What is the tens digit of -21*-4*7/28?
2
Suppose 2*t - 6 = -2*y, 5*t + 5 + 10 = 5*y. Let i(u) = -14*u**2 - 2 + 9*u + 16*u + u**y + 6 - 1. What is the tens digit of i(12)?
1
Suppose 5*s = 20 - 0. Suppose k = 28 - 23. Suppose -k*f + 199 = s. What is the units digit of f?
9
Suppose 8*d - 5*l = 5*d + 1428, -l + 1927 = 4*d. What is the tens digit of d?
8
What is the tens digit of 439992/693 + 1/11?
3
Let d = 3 + 1. Suppose -k = 2*k + 3*q - 150, -204 = -d*k - 5*q. Suppose -w = -2*o - 19, 0 = 6*w - 3*w + 5*o - k. What is the units digit of w?
7
Let h(j) = 36*j**3 + j**2 - 14*j - 1. What is the tens digit of h(3)?
3
Suppose 5*i + 30 = -5*y, i - 5*y - 12 = 4*i. Let s = i + 89. What is the units digit of s?
0
Let a = -87 + 85. What is the units digit of (0 + -52)*a/8?
3
Let x(u) = u**3 + u**2 + u + 2. Let p be x(0). What is the tens digit of (p/(-3))/(6 - 217/36)?
2
What is the tens digit of (6 - -90 - 1) + (1 - -1)?
9
Let t(r) = 16*r - 9. Let m = 28 - 18. What is the tens digit of t(m)?
5
What is the units digit of (70254/135)/(2/5)?
1
Let a = -33 + 35. What is the units digit of (16/(-24))/(a/(-282))?
4
Let r = 6 + -2. Suppose 0 = -2*q - 16 + r. What is the tens digit of (10/(-6))/(1/q)?
1
Suppose 0 = -4*t + 2*t + 5*g + 402, 776 = 4*t - 3*g. Suppose 5*z - 2*s = t, 0 = z - s - 13 - 24. What is the units digit of z?
9
Let i = -2 - -8. Let u(c) = -i + 2 - 13*c - 8*c - 1. What is the units digit of u(-2)?
7
Let h(f) = f**2 - 18. Let p(o) = -o**3 - 14*o**2 - 13*o - 9. Suppose w - 2*x = -4 - 7, -38 = 3*w - x. Let t be p(w). What is the units digit of h(t)?
3
What is the tens digit of (-3 - (3 - 3)) + (87 - 5)?
7
Suppose 4*o = -4*x - 0*o + 140, -3*x = -3*o - 129. What is the tens digit of x?
3
Let k(x) = 221*x**3 + 12*x - 11. What is the tens digit of k(1)?
2
What is the tens digit of (-434)/(-4)*(260/(-28) - -11)?
8
Suppose -2*z + l = -3518, -1485 = -2*z + 2*l + 2031. What is the thousands digit of z?
1
Let g = 2156 + 1102. What is the thousands digit of g?
3
Suppose 2*k - 3*f - f - 38 = 0, 0 = 4*k + 3*f - 98. Suppose 148 = -22*v + k*v. What is the tens digit of v?
4
Let h(w) = 14*w - 48. What is the units digit of h(37)?
0
Suppose -3*n + 3*q + 300 = 2*q, 0 = n + 4*q - 87. What is the units digit of n?
9
Let m be (17/2)/(4/48). Suppose 2*h - 3*q - q - m = 0, 0 = -3*h - 3*q + 153. What is the units digit of h?
1
Suppose 10246*u - 38200 = 10238*u. What is the hundreds digit of u?
7
Let u = 109 - 104. Suppose -578 = -2*n - u*w, -5*n + 525 = -2*w - 891. What is the units digit of n?
4
What is the units digit of 5/20*-8 + 85*11?
3
Let q(p) = -p**2 + 24*p + 26. Let i(x) = 3*x**2 - 49*x - 51. Let c(s) = -2*i(s) - 5*q(s). What is the tens digit of c(-14)?
8
Let i = -104 + 11. Let a = -40 - i. What is the tens digit of a?
5
Let t = 2 - 0. Suppose t*x + 4*u - 36 = 0, 0*x + 5*x - 130 = -2*u. What is the units digit of x?
8
Suppose 2*w - 7 = b, 4*b + 4 = -5*w + w. What is the tens digit of 1 + -1 - (-61 + b)?
6
Let k be (745/2)/1 + 17/(-34). Suppose -11*o + 1113 = -k. What is the tens digit of o?
3
What is the units digit of 5/(-20)*51*-4?
1
Let w(a) = -23*a + 13. Let k be w(1). What is the units digit of 3/(15/k) - -73?
1
Suppose -g - 4*g = -10. Suppose -x - 399 = -6*x - 4*z, -g*z - 91 = -x. What is the tens digit of x?
8
Suppose 3*i = 4*i - 7. Suppose f + 3*f + 4 = 0, 6 = 4*z - 2*f. What is the units digit of (-7 - z)/(i/(-28))?
2
Suppose 3*g - 3 - 9 = -3*q, 0 = -4*q - g + 16. Suppose -q*b + 4 = -2*o, -2*b = -o - 3*o - 38. What is the tens digit of 226/12 + (-2)/o?
1
Let x(a) = 8*a**2 - 8 - 2*a**2 + 3*a - a**3 + 0*a. Suppose 10*k - 60 = -0. What is the tens digit of x(k)?
1
Let b be (7 + -3 - 5) + 4. Suppose -b*r = -p - 129, -3*p = r - 6*p - 35. What is the tens digit of r?
4
Let s = 5071 + -3449. What is the thousands digit of s?
1
Suppose 2*g + 467 - 37 = 0. Let u = g + 315. What is the tens digit of u?
0
Suppose 2*a - 3958 = -4*n, -6 = -a - 11. What is the tens digit of n?
9
What is the tens digit of ((-6988)/18)/(848/144 + -6)?
9
Let f(d) = -d**3 + 7*d**2 - 3*d + 5. Let c be 